pose 0 = 4*z + 4*j - 1352, -344 = -94*z + 93*z - 3*j. What are the prime factors of z?
5, 67
Suppose 0 = -8*o + 3127 - 247. List the prime factors of o.
2, 3, 5
Let k be (-7 + 6)*(-2 + -1). Suppose -k*r = r. Suppose -g = l + 3 - 11, 2*l + 5*g - 28 = r. What are the prime factors of l?
2
Suppose w = -4*t - w + 10, w = -5*t + 14. Suppose -950 = -4*i - 2*l, -3*i + 2*l + 2*l = -740. Suppose -t*p = -8*p + i. List the prime factors of p.
2, 3
Suppose -2*r + 441 = 5*o - 551, r = -2*o + 497. List the prime factors of r.
3, 167
Let m = 3608 - 1579. What are the prime factors of m?
2029
Let m(k) be the second derivative of 0 - 35/6*k**3 - 3*k**2 + 7*k. List the prime factors of m(-2).
2
Let x = -4 + 3. Let w = x - 11. Let d = 40 + w. List the prime factors of d.
2, 7
Suppose 2*g = 6*g - 368. Let i = -58 - -62. Suppose -3*z - 12 = 0, -2*z - z = i*w - g. What are the prime factors of w?
2, 13
Let k(x) = 13*x - 1. Let w be k(2). Let a = w + -16. List the prime factors of (a + -11)/((-2)/8).
2
Suppose -5*w + 4*d - 2*d = -44, 0 = 4*w - 3*d - 38. Suppose -w*y = -7*y - 44. What are the prime factors of y?
2, 11
Let c(w) = -55*w + 38. Let r be c(4). Let i = 17 - r. What are the prime factors of i?
199
Suppose 7*h - 853 = 1625. Suppose 0*k + h = 4*k + 2*b, 2*b = -5*k + 444. List the prime factors of k.
2, 3, 5
Suppose 4*c - 133 = -o, 3*o = -0*o - 2*c + 359. Suppose -2*i + o = i. What are the prime factors of i/13 + 36/1?
3, 13
Let m(v) = 64*v - 19. Let a be m(11). Suppose 5*x - a = -0*x. Suppose 0 = -3*p + 2*y + 121, p + 2*y = -2*p + x. What are the prime factors of p?
43
Suppose 0 = 4*s - y + 591, -2*s = -4*s + 4*y - 306. Let p = s + 272. What are the prime factors of p?
5
Suppose -4*l = 8, -c + 3*l + 4 = -7. Suppose -3*t = 0, 3*p - c*p - 4*t = -44. Suppose 5*f - 33 = p. What are the prime factors of f?
11
Let a be ((-34)/(-3))/((-5)/(-60)). What are the prime factors of a/4 - (0 + -1)?
5, 7
Let s(d) = 2*d - 7. Let m be s(6). Suppose -2*h - 2*g = -7*g - 13, -4*h - 3*g = -91. Suppose -q + 57 = 2*q + 3*x, -q + m*x = -h. List the prime factors of q.
19
Let g(h) = h**3 - 2*h**2 + 5*h - 2*h - 3*h**2 - 7. Let t be g(5). What are the prime factors of (-3 - (-28)/t)*16?
2
Suppose 8*b - 7361 = -9*b. List the prime factors of b.
433
Let b(s) = 102*s + 12. Let x be b(-5). Let w = -96 + x. List the prime factors of (w/(-55))/((-2)/(-5)).
3
Let y(r) be the third derivative of -r**6/120 + r**5/30 + r**4/24 - r**3/3 + 4*r**2. Let d be y(2). Let h = 6 + d. List the prime factors of h.
2, 3
Suppose -4*x = 2*k - 590, -2*k + 600 = 8*x - 6*x. List the prime factors of k.
5, 61
Suppose 1211 = 5*w - 1399. What are the prime factors of w?
2, 3, 29
Let i be 0/(3/(-6)*-4). Suppose x + i*x = 118. What are the prime factors of x?
2, 59
Let q be (-2)/3*(-3 + 0). Suppose -q*k + 3*z + 22 = -11, -k = 4*z. What are the prime factors of k?
2, 3
Suppose -3*w = -4 - 5. Let a(c) = c**2 - c**w - 7*c + 2 - 2 + 2 + 6*c**2. What are the prime factors of a(5)?
17
Let c(x) = -x**3 + 6*x**2 - x - 8. Let t = 30 + -70. Let z be (1/((-4)/t))/2. List the prime factors of c(z).
2, 3
Suppose 9*t + 618 = 11*t + 2*k, t - 294 = 4*k. What are the prime factors of t?
2, 3, 17
Suppose -1588 = 83*x - 87*x. Let w = -209 + x. List the prime factors of w.
2, 47
Let o be (17 - 5)*(-2)/6. List the prime factors of (-414)/4*((-42)/9 - o).
3, 23
What are the prime factors of 0/(-12) + (2 - -694)/3?
2, 29
Suppose -y + 3*j + 910 - 77 = 0, 5*j = 2*y - 1666. List the prime factors of y.
7, 17
Let l = 524 - -66. What are the prime factors of l?
2, 5, 59
Let q(y) = -y**3 + y + 5. Let n = 2 - -2. Let w be q(n). Let x = w - -81. What are the prime factors of x?
2, 13
Let n(z) = -98*z - 13. What are the prime factors of n(-5)?
3, 53
Let d be ((-130)/15)/(2 - (-8)/(-3)). What are the prime factors of 1 + 131 - (d + -6 + -4)?
3, 43
Suppose 3*f = 403 + 185. Suppose -5*t = 4*h - 202, 5*h + 2*t = h + f. What are the prime factors of h?
2, 3
Suppose g = 2*o + o - 829, -2*g + 2*o = 1638. Let w = -547 - g. Suppose -3*u + 4*h + 201 = h, -4*u = -3*h - w. List the prime factors of u.
2, 3, 11
Let d(t) = 53*t - 3. Let b be d(1). Suppose 5*z - b = 4*u - 0*z, -3*z = 6. What are the prime factors of (u/(-10))/((-6)/(-64))?
2
Let c = 673 + -421. List the prime factors of c.
2, 3, 7
What are the prime factors of 3/2*(-1 - 6419/(-21))?
457
Let p = 33 - -210. List the prime factors of p.
3
Suppose -3*x = x - 308. Suppose -3*i - 37 = x. What are the prime factors of ((-12)/(-3))/((-4)/i)?
2, 19
Let b be 6/(-4) - (-4014)/12. Suppose 4*k = k + y + b, -4*k + 454 = 2*y. Suppose -3*l - k = -7*l. What are the prime factors of l?
2, 7
Suppose 2*a = -a - 162. Let z = -25 - a. What are the prime factors of z?
29
Let p = 46 - 25. Suppose p*w - 17*w = 40. Suppose -3*b + 79 = -r + w, 0 = 5*b - 2*r - 115. List the prime factors of b.
23
Suppose 3*s - 349 - 109 = d, -s = -d - 154. What are the prime factors of s?
2, 19
Suppose -2*l + 1250 = -528. What are the prime factors of l?
7, 127
Suppose 146636 = 53*t + 26591. What are the prime factors of t?
3, 5, 151
Suppose o = 3*s + 26, 3*o - 156 = -o - s. Suppose o*n - 160 = 37*n. List the prime factors of n.
2, 5
What are the prime factors of (46/(-2)*5)/(-1)?
5, 23
Let a(j) = j**3 + 27*j**2 + 22*j - 64. List the prime factors of a(-25).
2, 3, 53
Let s(h) = -331*h + 992. What are the prime factors of s(-5)?
2647
Suppose -5*u = -21 - 39. Let c(a) = u*a - 2 + 1 - 14*a + 7*a**2. What are the prime factors of c(-2)?
31
Suppose 3*i = -0*i + 30. Suppose -i*f = -9*f - 16. Let n = f + -11. What are the prime factors of n?
5
Let g = 21 + 28. Suppose 4*r + g = a, 0*a + a + r = 49. List the prime factors of a.
7
Let i(w) = w**2 + w - 3. Let s be i(-10). Let q = s + -45. What are the prime factors of q?
2, 3, 7
Suppose 6*v = 324 + 318. List the prime factors of v.
107
Suppose q + 22 = -5. Let f = -12 - q. List the prime factors of f.
3, 5
Let y(l) = 78*l**2 + 23*l - 103. What are the prime factors of y(4)?
1237
Suppose 5*w + 2*s = 5883, 6*w + 5*s = 7*w - 1155. What are the prime factors of w?
5, 47
Suppose -6*i = -949 + 391. Suppose -5*c - i = -2*f, -3*c - 2 = -5. What are the prime factors of f?
7
Suppose 0*k - 14*k + 7350 = 0. List the prime factors of k.
3, 5, 7
Let t be ((-894)/(-21) + 2)/((-2)/(-14)). Suppose 8*i - 24 = t. What are the prime factors of i?
2, 3, 7
Suppose -2*d + 360 = -2540. Suppose -d = -2*t - 3*t. List the prime factors of t.
2, 5, 29
Suppose -8 = -2*r - 2*r. Let n(l) = -15*l - l**r + 3*l - 3 + 2. What are the prime factors of n(-8)?
31
Let o be (-4 + 6)*(-386)/(-4). Suppose 3*z - o = -19. List the prime factors of z.
2, 29
Suppose -1507 = 7*q - 3614. What are the prime factors of q?
7, 43
Suppose -4*r + 0*r = 4*n - 184, 4*n + r = 175. Let j = n - 4. Let w = j - 25. What are the prime factors of w?
2, 7
Let p be 0 + -2 + (-1 - -5). Suppose -p*j - j + 26 = 4*d, 0 = 5*j + 5*d - 50. List the prime factors of j.
2, 7
List the prime factors of (-11278)/(-16) - (-19)/152.
3, 5, 47
Suppose -2*o - 245 = -2771. List the prime factors of o.
3, 421
Let g(f) be the third derivative of 11*f**4/12 + 3*f**3 + 26*f**2. What are the prime factors of g(2)?
2, 31
Let w be 5 - (-4)/(-2)*-2. Suppose 230 = -8*q + w*q. What are the prime factors of q?
2, 5, 23
Let r be 2766/54 + (-4)/18. Suppose -3*d + r = -90. List the prime factors of d.
47
Let k be 4693/91 + 8/(-14). Let p = k + 15. List the prime factors of p.
2, 3, 11
Let m(j) = 12*j**3 + 8*j**2 - 11*j - 22. List the prime factors of m(7).
4409
Suppose -10*o = -6*o - 1664. Suppose n + 4*n - o = 3*b, -3*n = 4*b - 267. What are the prime factors of n?
5, 17
Let g(r) = -3 - 353*r**2 + r**3 + 354*r**2 - 3*r + 5*r. What are the prime factors of g(3)?
3, 13
Let l(r) = 2*r + 205. List the prime factors of l(0).
5, 41
Let z(k) = 24*k + 12. Let b be ((-1)/1 - 1)*(-10 - -9). List the prime factors of z(b).
2, 3, 5
Suppose 2*r + 5 = -7. Let y be (r - -7) + -1*3. What are the prime factors of (24 - -2)*(-2)/y?
2, 13
Let d(n) = 54*n - 30. List the prime factors of d(7).
2, 3, 29
Let i be -74 + 6/(-12)*(1 - 1). What are the prime factors of i*(5/(-25))/((-4)/(-70))?
7, 37
Let c(q) = 3*q**2 - q - 2. Let g(w) = -w**2 + w + 3. Let t be g(3). Let l(v) = 3*v**2 - 2*v - 2. Let b(s) = t*l(s) 